 factor of a and 38?
19
Suppose -86*o = -81*o - 4*j - 32143, -4*o - 5*j = -25739. What is the highest common divisor of o and 59?
59
Let g(l) = 29*l**2 - 2*l + 1. Let o be g(1). Suppose -36 - 8 = -2*p. Let s(q) = q - 15. Let z be s(p). Calculate the highest common divisor of o and z.
7
Let x(a) = -a**3 + 45*a**2 - 137*a - 183. Let m be x(41). What is the greatest common factor of 176 and m?
44
Let o(g) = -3*g**3 + 9*g**2 - 14*g + 24. Let f be o(7). Let i = -658 - f. What is the highest common divisor of 12 and i?
4
Let v(w) = 24*w**3 - 4*w**2 + w + 8. Let r be v(2). Let a = r + -169. Calculate the highest common divisor of 3 and a.
1
Let y(c) = -c**3 - 82*c**2 - 321*c - 468. Let h be y(-78). Calculate the greatest common factor of h and 767.
13
Let d(t) = -28*t + 173. Let k be d(6). Suppose -2*v - 3*g = -138, 3*v - 4*g + 142 = k*v. What is the highest common factor of v and 9?
9
Suppose 0 = -3*x + 2*m + 116, 5*x - 499*m = -497*m + 188. What is the greatest common divisor of x and 8028?
36
Let t be 3 - 12*(0 + -1). Suppose 57*q - 677 = -160 + 338. What is the greatest common factor of t and q?
15
Let j(n) = -n**3 + 49*n**2 - 102*n + 421. Let x be j(47). What is the highest common factor of x and 23265?
45
Suppose -5*l + 233 = 4*h, 0 = -4*l + 4*h + 131 + 41. What is the greatest common factor of l and 306?
9
Let b be (-1)/2 - 19/(-2). Suppose 116 = 62*s - 61*s. Suppose s - 44 = 8*z. Calculate the greatest common factor of z and b.
9
Let g(u) = -u**3 - 6*u**2 + 32*u + 8. Let f be g(-9). Suppose -6*w + 5*w + 102 = 0. Let s = w + f. Calculate the highest common factor of s and 13.
13
Let f(c) = -92*c + 592. Let y be f(5). What is the greatest common divisor of y and 1474?
22
Let g = -15206 + 15662. Calculate the highest common divisor of g and 3078.
114
Let q(y) = 4*y**2 - 3*y - 2. Let a be q(-1). Suppose -4*j - 12 = -8*j. Let p be (j - (-276)/15) + (-2)/a. What is the greatest common factor of 7 and p?
7
Suppose -8*j - 7*j = -765. Suppose -2*d + j = -2*h - 57, -2*d = -h - 109. What is the greatest common divisor of d and 15?
5
Let d = 188 + -198. Let p(m) = m**3 + 10*m**2 - 6*m - 12. Let n be p(d). What is the greatest common divisor of n and 64?
16
Let r(h) = h**3 + 16*h**2 - 15*h + 48. Let w be r(-17). Suppose 0 = -9*g + w + 760. Calculate the highest common factor of g and 301.
43
Let y(i) = 4*i - 7. Let r be y(4). Suppose 0 = 8*b - 11*b + r. Suppose -b*s + 0*s + 48 = 0. What is the highest common divisor of s and 24?
8
Let q be -1 + -1 + 26435/(-68)*32/(-10). What is the greatest common divisor of q and 184?
46
Suppose 36 - 29 = 7*f. Let n be -60*(-3)/6*f. What is the greatest common divisor of 15 and n?
15
Let n be (-60)/(-35) - 4/(-14). Let g(o) = 149*o - 1. Let r be g(n). Let s(v) = -25*v - 373. Let t be s(-16). What is the highest common divisor of t and r?
27
Let i(d) = 4*d - 103. Let s(h) = -h**2 - 21*h - 27. Let u be s(-18). Let j be i(u). What is the highest common divisor of 1 and j?
1
Suppose -1473*j + 2952*j - 12465 = 1474*j. What is the greatest common divisor of j and 36?
9
Suppose 0 = 27*v - 42*v - 375. Let b(s) = -2*s**2 - 49*s + 52. Let i be b(v). What is the highest common factor of 135 and i?
27
Let x(w) = 0*w**3 + w**3 + 14*w**2 - 8*w - 6*w**2 + 12. Let p be x(-10). Let y be ((-11)/(231/p))/((-4)/(-14)). What is the highest common factor of y and 45?
9
Suppose 0 = 6*g - 9*g + 15. Let t be (12/g)/(4/20). Let h be 1*-17*(t - 13). Calculate the highest common divisor of h and 51.
17
Suppose -19*k + 18*k + 40 = 0. Let y be -1 - 8/(32/492). Let c = y + 224. Calculate the greatest common divisor of k and c.
20
Let u be (2*(-8)/48)/(1/(-9)). Let q = -1148 - -1751. Suppose 5*c - q + 182 = -u*j, c + 4 = 0. Calculate the greatest common divisor of 49 and j.
49
Let j(d) = d**3 + 12*d**2 - 17*d - 49. Let m be j(-12). Let u = 371 - m. Calculate the highest common factor of u and 8.
8
Let c be (47298/(-9))/((-36)/54) - -13. What is the highest common divisor of 1176 and c?
168
Suppose 5*t + 1 = 5*j - 8*j, 44 = 3*j - 4*t. Let f be (-75)/(-12) + 3*2/(-24). What is the highest common divisor of j and f?
2
Suppose -4*g + 58 = 2*i - 9*g, -4*i - g + 72 = 0. Suppose 88 = -18*s + i*s. What is the highest common divisor of s and 8?
8
Suppose q + 491 = o - 245, 4*o = -3*q + 2909. Let f(d) = 10*d**2 - 2*d - 2. Let j be f(2). What is the highest common factor of o and j?
17
Suppose -127*a = -273*a + 106*a + 18000. Calculate the highest common factor of 171 and a.
9
Let y be (-211978)/(-93) + 8/(-6). Calculate the highest common divisor of y and 1206.
134
Let x be (0 - 27/6)/(2/4). Let n(u) = -19*u - 43. Let j be n(x). Calculate the highest common factor of 320 and j.
64
Let a(r) be the second derivative of 2*r**3 - 4*r**2 + 27*r. Let u be a(7). What is the greatest common divisor of 95 and u?
19
Suppose 4*k - 26 = 8*q - 13*q, 0 = 3*k - 3*q - 6. Suppose 534 = 5*g - 6. Suppose 0 = k*i - g + 48. What is the highest common factor of i and 3?
3
Let x = 733 + -687. Let f = x - 10. Calculate the greatest common factor of 348 and f.
12
Let v = -7557 - -9965. What is the highest common divisor of v and 616?
56
Let k = 263 - 538. Let n = -264 - k. Calculate the greatest common factor of n and 517.
11
Suppose -2*d + d = -2*g - 17, -4*d - 3*g = -24. Let m(u) = 2*u**2 - 8*u - 11. Let n be m(10). Let o = n + -100. What is the greatest common divisor of d and o?
9
Let i(n) = -n**3 + 33*n**2 + 52*n + 12. Let h be i(34). Calculate the greatest common factor of 22 and h.
2
Suppose 0 = -5*a - 5*p + 173 + 237, 4*p - 405 = -5*a. Let f(b) = -b**2 + 33. Let r be f(0). Calculate the greatest common factor of r and a.
11
Let o(m) = -341*m + 2738. Let d be o(8). Calculate the greatest common divisor of d and 606.
2
Let y(g) = 29*g + 5. Let u(t) = 15*t - 22. Let w be u(4). Suppose 44*i - w*i - 6 = 0. Let n be y(i). What is the highest common factor of 17 and n?
17
Suppose 3*u + 0*u - 465 = -5*r, 5*u - 205 = -2*r. Suppose 4*x + 30 + 278 = 2*m, -4*m + 2*x + 604 = 0. What is the highest common factor of r and m?
30
Let v(z) = 22*z**2 - 3*z - 3. Let d be v(-2). Let p = 88 - d. Let y be (-15)/p + (23 - -2). Calculate the greatest common divisor of y and 18.
6
Let h = 7310 + -6736. Calculate the greatest common factor of 91 and h.
7
Let a(j) = -j**3 + 4*j**2 + 2*j + 4. Let o be a(4). Suppose -p = -2 - o. Let n = 376 - 372. What is the highest common divisor of n and p?
2
Let g be ((-1870)/(-18) - -1) + 249/2241. Calculate the greatest common divisor of 12 and g.
3
Suppose -s = 4*a - 643, 0 = a + 4*s - 62 - 110. Suppose 38*l + 57*l - 3584 = 39*l. What is the greatest common divisor of l and a?
32
Let a(z) = -z**2 + 16*z + 36. Let b be a(11). Suppose -2*l = -4*s + 2*l + 96, -3*s + 74 = -2*l. What is the highest common divisor of s and b?
13
Suppose 0 = -14*m + 9*m - 5*v + 400, m - 104 = -5*v. What is the greatest common divisor of 16 and m?
2
Let p be 1/((48/128)/(6*1028/32)). What is the greatest common factor of 2 and p?
2
Let z(s) = -3*s - 24. Let d be z(-12). Suppose -240 = -89*i + 9*i. Calculate the greatest common factor of d and i.
3
Let s = 355 - 257. Let h be s/28 - (-15)/6. Calculate the highest common factor of h and 162.
6
Let o be 2/(-12) - 592189/(-78). Suppose -273 = -65*t + o. Calculate the greatest common divisor of 55 and t.
11
Let b = -69 - -77. Suppose c - b*c = -210. Suppose 3*t - 35 - 115 = 0. Calculate the highest common factor of t and c.
10
Suppose 0 = z - 3*o - 19, 1 = 4*z + 3*o - 0. Suppose -6*d = -3*d + z*l - 25, 5*l = -3*d + 26. What is the greatest common factor of 7 and d?
7
Let a(z) = 34*z**3 + 2*z**2 + 3*z - 6. Let j be a(1). Suppose 7*v + j*v - 8320 = 0. What is the greatest common divisor of v and 32?
16
Suppose -5*o + 870 = 23*j - 18*j, 0 = -7*o - 21. What is the highest common factor of j and 27789?
177
Let w = -2290 - -5639. Calculate the greatest common factor of 34 and w.
17
Suppose -k - 15 = -4*r, -k + 2*r = 1 + 4. Let w(d) = 2*d**3 - 3*d**2 + d - 18. Let s be w(k). What is the greatest common divisor of 18 and s?
18
Let z = 4 + 8. Let o = -8 + z. Suppose 0 = m + 4*c - 40, m - 6*c - 28 = -o*c. Calculate the greatest common factor of 4 and m.
4
Suppose -70470 = -3*y - 2*t, -5*y + 264*t + 117450 = 272*t. Calculate the greatest common divisor